Let d be o(-1). Let v(j) = d*m(j) + 2*n(j). Give v(r).
5
Let c(r) = -2*r**2 + 2*r + 10. Let s(i) = -i**2 + i + 5. Let p(v) = 3*c(v) - 5*s(v). Let b be p(0). Let h(m) = m**2 - 6*m + 3. What is h(b)?
-2
Let y = -27 - -31. Let q(t) = 3*t - y*t - 2 + 3 + 2*t. What is q(-8)?
-7
Suppose 2*l - a + 25 = 4*a, 2*l = -2*a + 10. Suppose -3*n + 5*n + 4*y = 24, l = 4*y - 20. Let r(f) = -4 + 3 + f + 2*f**2 - 2*f**3 + 3. Calculate r(n).
-4
Let o(s) = 2*s + 18. Suppose 28*i + 118 + 50 = 0. Calculate o(i).
6
Let k(t) = -2*t**3 - 2*t**2 + t - 1. Let o be k(-3). Suppose -4*z = 3*u + 96, 3*z + 5 + o = -u. Let r = 24 + u. Let y(v) = v + 2. Give y(r).
-2
Let o(t) = -t**2 + 5*t + 7. Suppose -d = 6*d - 21. Let l be o(d). Let q be ((0 - 3) + l)/2. Let u(w) = -w**3 + 6*w**2 - 3*w - 4. Determine u(q).
6
Let c(u) = -6*u. Let a(m) = -m - 1. Let j(s) be the second derivative of s**5/20 + 5*s**4/4 + 7*s**3/3 - 4*s. Let n be j(-14). Let i be a(n). Calculate c(i).
6
Let k(v) = -4*v**2 - 8*v - 31. Let o(c) = 3*c**2 + 5*c + 21. Let f(b) = 5*k(b) + 7*o(b). Suppose -5*p + 18 = -17. Determine f(p).
6
Suppose -2*r + 47 = 3*z + 2*r, -2*z - 4*r + 34 = 0. Suppose 4*u - 11 = z. Let d(a) = -a**3 + 6*a**2 - 2*a + 7. Calculate d(u).
-5
Let p(m) = -m**3 + 2*m**2 + 2*m - 2. Suppose 15 = -3*v - 4*g - 20, -4*g + 4 = 0. Let x = v - -16. Let n be p(x). Let o(b) = -b**2 - 5*b - 2. Give o(n).
-2
Let f(v) = -2*v - 4. Let h be ((-8)/(-5) - 0)/((-4)/240). Let p = h - -91. Give f(p).
6
Let s(d) = -d**3 + 7*d**2 + 8*d + 2. Let r be s(8). Let y(q) = -6*q**2 - q**3 - 3 + r*q**3 + 2*q + q**2 - 2*q**2. What is y(7)?
11
Let s = -33 + 36. Suppose -2*p + r = 2*r - s, 3*r - 9 = -p. Let l(w) = w**2 + w - 4. Give l(p).
-4
Let l be (-4 - 1)*20/(-25). Let r be l/(-22) - (-70)/22. Let x(i) = 3 - i - r - 11*i**2 + 1. Determine x(1).
-11
Let p(b) = -2*b**2 + 13*b + 3. Let w(u) = -3*u**2 + 25*u + 7. Let z(h) = -5*p(h) + 3*w(h). Suppose -84 = 9*k + 3*d, k - 4*k = 5*d + 20. Determine z(k).
6
Suppose 3*k - 6*k = 18. Let b be 9/((4 + -2)/2). Let s(u) = 8*u - 5 - u**2 - 2 - b*u - 5*u. Calculate s(k).
-7
Let b(w) = -w - 2. Let h(t) = t**2 + 14*t + 14. Let s(j) = -3*b(j) - h(j). What is s(-9)?
10
Let r(n) = n**3 + 3*n**2 - 13*n - 38. Let c be -9 - 25/10*-2. Let h be r(c). Let j(q) = -q**3 - q**2 - q - 2. Calculate j(h).
4
Let z(c) = 15*c + 94. Let u(v) = 3*v + 24. Let n(d) = -9*u(d) + 2*z(d). Determine n(15).
17
Suppose 19*v = 5*t + 18*v + 12, -5*t - 5*v + 30 = 0. Let r(p) = -p - p**2 - 5*p**3 + 0*p + 0*p**2. What is r(t)?
5
Suppose -10 = -4*n - n. Let j(v) = n*v - v**3 - 2*v - 2*v - 2 + 0*v - 6*v**2. Determine j(-5).
-17
Let v(b) = -12 + 16 - 1 + b. What is v(-1)?
2
Let q(d) = 3 - 10 - 103*d + 101*d. Calculate q(-3).
-1
Let z(d) be the second derivative of -d**4/12 + 11*d**3/6 - 4*d**2 + 5*d + 1. Give z(8).
16
Let l = -58 - -66. Let u(q) = -l*q + 16*q - 3 - 7*q - 2*q. Give u(0).
-3
Let r(y) = 319*y**2 + 6*y + 2 + 309*y**2 - 629*y**2. Calculate r(5).
7
Let o(p) = p + 17. Let z be o(-10). Let m = 9 - z. Let t(l) = -l - 2*l**m + 4*l**2 - 4*l**2. Give t(-2).
-6
Let z be 88/6 + (-10)/15. Let l = 17 - z. Let j be (-8)/4 + l - 2. Let g(d) = 12*d - 1. Give g(j).
-13
Suppose 10 = 3*j - 29. Let m = 43 + -39. Let h(g) = -m*g**3 + j*g**2 - 6*g**2 - 2*g - 5*g**2 + 1. Calculate h(1).
-3
Suppose -28 = z + 17. Let x = z + 38. Let f(b) = -b**3 - 7*b**2 - 4*b. What is f(x)?
28
Let g(j) = -13*j. Suppose 2*i - 134 - 121 = -3*v, 2*v + 4*i = 178. Let u = v + -82. What is g(u)?
-13
Suppose 3*g - 9 = -r + 22, 2*r = 5*g - 37. Let w(i) = -6*i**2 - 5 + 2*i**3 + g*i**3 - 10*i**3 + 2*i. Suppose 0*m + 30 = 5*m. What is w(m)?
7
Let v(n) = -3*n + 3. Let h = 281 + -140. Let r = 136 - h. Calculate v(r).
18
Let q(d) be the third derivative of -d**7/2520 + 7*d**6/720 + d**5/60 - d**2. Let g(b) be the third derivative of q(b). Let m = -124 - -119. Calculate g(m).
17
Let o(z) = -7*z - 2. Let a(l) = -8*l - 2. Let s(t) = -6*a(t) + 7*o(t). Suppose 21*n - 98 = 7*n. Suppose -2*u = n + 3. Give s(u).
3
Suppose 11*f - 9*f = 64. Let d = f + -31. Let v(y) = -5*y**2 + 5*y. Let c(a) = -a**2 - a. Let p(z) = 4*c(z) + v(z). Calculate p(d).
-8
Let s(z) = -z. Suppose 4*m + 2*g + 21 = 67, -5*g = m - 34. Suppose 5*a + 6 + m = 0. Calculate s(a).
3
Let j(u) = -u**2 - 4*u + 5. Suppose 2*a + 7 = -11. Let n(h) = 5 + 0 + h**3 + 12*h**2 + h - 3*h**2. Let s be n(a). Give j(s).
5
Let q(d) = -7*d**2 - 7*d + 1. Let v(j) = 10*j**2 + 11*j - 1. Let r(l) = -7*q(l) - 5*v(l). Let y(p) = -p**3 - 11*p**2 - 33*p - 77. Let h be y(-8). What is r(h)?
3
Let p(u) = u**2 - 3*u - 1. Let z(g) = 3*g**2 - 10*g - 2. Let x(y) = -7*p(y) + 2*z(y). Let j = 13 - -6. Let f = j + -15. Give x(f).
-9
Let g(a) = -a**2 + 30*a + 33*a + 8 + 36*a - 95*a. Determine g(6).
-4
Let k(p) = 3*p**3 + 12*p**2 + 17*p + 7. Let y(v) = -2*v**3 - 5*v**2 - 7*v - 3. Let u(d) = -4*k(d) - 10*y(d). What is u(-2)?
-58
Let j be 3/2*(-144)/(-24). Let y(n) = -n**2 + 10*n - 3. Determine y(j).
6
